tor of 10553 and 183.
61
Calculate the highest common factor of 6 and 1347.
3
Calculate the highest common divisor of 452 and 4.
4
What is the greatest common divisor of 16562 and 13?
13
What is the greatest common divisor of 868 and 56?
28
What is the greatest common divisor of 102 and 918?
102
Calculate the highest common divisor of 3247 and 34.
17
What is the greatest common factor of 15 and 1095?
15
Calculate the highest common factor of 40 and 170.
10
Calculate the highest common factor of 660 and 60.
60
Calculate the highest common divisor of 176 and 80.
16
What is the highest common divisor of 4 and 100?
4
What is the highest common factor of 1098 and 793?
61
Calculate the greatest common divisor of 486 and 6.
6
What is the highest common factor of 4320 and 195?
15
Calculate the highest common factor of 18 and 174.
6
Calculate the highest common divisor of 1425 and 75.
75
Calculate the greatest common divisor of 72 and 684.
36
Calculate the greatest common factor of 4 and 172.
4
What is the highest common factor of 2440 and 61?
61
Calculate the greatest common divisor of 8 and 26.
2
What is the greatest common divisor of 67 and 2144?
67
Calculate the highest common factor of 145 and 15950.
145
Calculate the greatest common factor of 39 and 9529.
13
What is the greatest common divisor of 183 and 122?
61
What is the highest common divisor of 477 and 18?
9
Calculate the greatest common divisor of 28 and 34.
2
What is the greatest common divisor of 116 and 8?
4
What is the highest common factor of 8382 and 66?
66
What is the highest common divisor of 87 and 1392?
87
What is the greatest common factor of 31 and 961?
31
What is the highest common factor of 171 and 18?
9
What is the highest common factor of 1610 and 105?
35
What is the highest common divisor of 208 and 32?
16
Calculate the greatest common divisor of 130 and 2080.
130
What is the greatest common factor of 92 and 5612?
92
What is the highest common divisor of 1488 and 48?
48
What is the greatest common divisor of 7 and 14?
7
Calculate the greatest common divisor of 216 and 24.
24
Calculate the greatest common divisor of 55 and 160.
5
Calculate the highest common factor of 34 and 3961.
17
What is the greatest common factor of 371 and 21?
7
What is the greatest common factor of 3417 and 51?
51
Calculate the highest common divisor of 5705 and 15.
5
What is the greatest common factor of 72 and 23208?
24
What is the greatest common divisor of 483 and 69?
69
Calculate the highest common factor of 959 and 137.
137
Calculate the greatest common divisor of 2581 and 116.
29
Calculate the highest common factor of 32 and 864.
32
What is the highest common divisor of 232 and 1276?
116
What is the greatest common divisor of 30 and 2910?
30
What is the highest common divisor of 290 and 58?
58
What is the greatest common factor of 7 and 10157?
7
What is the greatest common divisor of 528 and 186?
6
What is the highest common divisor of 18 and 1206?
18
What is the highest common divisor of 40 and 2920?
40
What is the highest common factor of 804 and 24?
12
Calculate the greatest common divisor of 18 and 711.
9
What is the highest common divisor of 7983 and 9?
9
What is the highest common divisor of 32 and 2336?
32
Calculate the highest common divisor of 15657 and 51.
51
What is the highest common factor of 68989 and 19?
19
What is the highest common factor of 7 and 959?
7
Calculate the highest common divisor of 927 and 9.
9
What is the highest common factor of 58 and 29?
29
Calculate the greatest common divisor of 20 and 12490.
10
Calculate the highest common factor of 176 and 22.
22
Calculate the highest common factor of 6 and 150.
6
Calculate the greatest common divisor of 64 and 5136.
16
Calculate the highest common factor of 35958 and 156.
78
Calculate the greatest common factor of 21 and 483.
21
Calculate the highest common divisor of 657 and 9.
9
Calculate the highest common factor of 79 and 3.
1
Calculate the highest common divisor of 1998 and 4218.
222
Calculate the greatest common factor of 13274 and 2.
2
Calculate the greatest common divisor of 663 and 39.
39
Calculate the greatest common factor of 8 and 412.
4
What is the highest common divisor of 779 and 76?
19
What is the greatest common divisor of 8 and 6712?
8
Calculate the greatest common factor of 1841 and 21.
7
What is the highest common factor of 1632 and 288?
96
Calculate the greatest common divisor of 736 and 2484.
92
What is the highest common factor of 48 and 2172?
12
Calculate the highest common divisor of 37 and 185.
37
What is the greatest common divisor of 76 and 266?
38
Calculate the greatest common divisor of 27 and 216.
27
What is the highest common divisor of 39 and 21?
3
What is the greatest common factor of 828 and 391?
23
Calculate the highest common factor of 125 and 5500.
125
What is the highest common divisor of 7 and 1141?
7
Calculate the highest common divisor of 13447 and 17.
17
What is the highest common factor of 928 and 96?
32
What is the greatest common factor of 133 and 7?
7
Calculate the highest common divisor of 2827 and 11.
11
Calculate the greatest common factor of 413 and 118.
59
What is the highest common factor of 87 and 116?
29
Calculate the greatest common divisor of 190 and 130.
10
Calculate the greatest common divisor of 9451 and 26.
13
What is the highest common factor of 94 and 1034?
94
What is the highest common divisor of 70 and 1855?
35
Calculate the highest common divisor of 64 and 16.
16
Calculate the highest common factor of 124 and 13826.
62
What is the highest common factor of 11 and 121?
11
Calculate the highest common divisor of 396 and 36.
36
Calculate the greatest common divisor of 24 and 1212.
12
Calculate the greatest common factor of 2553 and 414.
69
What is the highest common divisor of 171 and 9481?
19
What is the greatest common divisor of 516 and 2967?
129
What is the greatest common divisor of 1432 and 537?
179
Calculate the greatest common factor of 14 and 14.
14
What is the highest common divisor of 705 and 1110?
15
What is the greatest common divisor of 18 and 84?
6
What is the greatest common divisor of 3 and 618?
3
What is the greatest common divisor of 382 and 70?
2
What is the greatest common divisor of 896 and 28?
28
Calculate the highest common factor of 107 and 4.
1
What is the greatest common divisor of 3 and 81?
3
Calculate the highest common factor of 28 and 416.
4
What is the highest common factor of 1150 and 650?
50
What is the highest common divisor of 11 and 5489?
11
What is the greatest common divisor of 91 and 2041?
13
What is the highest common divisor of 7830 and 20?
10
Calculate the highest common divisor of 188 and 47.
47
Calculate the greatest common factor of 501 and 2839.
167
Calculate the highest common factor of 12 and 48.
12
What is the highest common factor of 494 and 760?
38
Calculate the greatest common factor of 403 and 31.
31
Calculate the greatest common divisor of 69 and 1863.
69
Calculate the highest common divisor of 35 and 112.
7
What is the greatest common factor of 30 and 870?
30
Calculate the highest common divisor of 32 and 4112.
16
Calculate the greatest common factor of 515 and 5.
5
Calculate the greatest common factor of 3 and 23.
1
Calculate the highest common factor of 28 and 268.
4
What is the greatest common divisor of 52 and 26?
26
Calculate the greatest common divisor of 74 and 4625.
37
What is the greatest common factor of 370 and 110?
10
What is the greatest common divisor of 308 and 44?
44
Calculate the highest common divisor of 710 and 80.
10
Calculate the highest common factor of 27545 and 35.
35
What is the highest common divisor of 217 and 7?
7
What is the greatest common factor of 1260 and 280?
140
Calculate the greatest common divisor of 1050 and 294.
42
Calculate the greatest common factor of 12 and 8460.
12
What is the greatest common factor of 5778 and 81?
27
Calculate the greatest common factor of 3403 and 498.
83
What is the highest common divisor of 106 and 19822?
106
Calculate the greatest common factor of 730 and 10.
10
Calculate the highest common factor of 2907 and 513.
171
What is the highest common divisor of 3149 and 603?
67
Calculate the highest common divisor of 256 and 4192.
32
Calculate 